{"id":15,"date":"2024-03-06T21:58:54","date_gmt":"2024-03-06T21:58:54","guid":{"rendered":"https:\/\/shop.ometrix.fr\/?post_type=product&#038;p=15"},"modified":"2024-03-06T22:18:06","modified_gmt":"2024-03-06T22:18:06","slug":"36-panneaux-solaires-spm420-108-puissance-maximale-de-420-w-par-module-solopor","status":"publish","type":"product","link":"https:\/\/shop.ometrix.fr\/index.php\/product\/36-panneaux-solaires-spm420-108-puissance-maximale-de-420-w-par-module-solopor\/","title":{"rendered":"36 panneaux solaires SPM420\/108, Puissance maximale de 420 W par module, SoloPor"},"content":{"rendered":"<p>Avec l&#8217;ensemble de 36 panneaux solaires SoloPort, vous avez la solution id\u00e9ale pour une production d&#8217;\u00e9nergie efficace et durable pour votre entreprise. Avec une puissance nominale exceptionnellement \u00e9lev\u00e9e de 420 Wp et une efficacit\u00e9 moyenne \u00e9lev\u00e9e de 21,51%, les panneaux solaires monocristallins SPM420\/108 sont le choix parfait pour vos besoins \u00e9nerg\u00e9tiques.<\/p>\n<p>La surface anti-reflets et anti-salissures de nos panneaux solaires r\u00e9duit les pertes de puissance dues aux d\u00e9p\u00f4ts et aux objets \u00e9trangers. Cela permet de maintenir l&#8217;efficacit\u00e9 de votre syst\u00e8me m\u00eame dans des conditions d\u00e9favorables. Gr\u00e2ce \u00e0 leurs excellentes performances, m\u00eame en cas de faible intensit\u00e9 lumineuse, les panneaux solaires sont particuli\u00e8rement flexibles d&#8217;utilisation, par exemple sur des entrep\u00f4ts ou des b\u00e2timents de bureaux.<\/p>\n<p>Nos panneaux solaires sont con\u00e7us pour une utilisation dans des conditions extr\u00eames et r\u00e9sistent \u00e0 des charges de vent et de neige exceptionnellement \u00e9lev\u00e9es. Avec une charge de 2400 Pa (en dessous) et 5400 Pa (au-dessus), ils sont id\u00e9alement \u00e9quip\u00e9s pour une utilisation dans des environnements exigeants.<\/p>\n<p>Chaque panneau a 108 cellules, mesure 1 722 mm x 1 134 mm x 30 mm et p\u00e8se 22 kg. Les connecteurs sont compatibles MC4.<\/p>\n<p>Faites confiance \u00e0 notre ensemble de 36 panneaux solaires et profitez d&#8217;une production d&#8217;\u00e9nergie efficace et durable pour votre entreprise.<\/p>\n","protected":false},"excerpt":{"rendered":"<p>&nbsp;<\/p>\n<div class=\"w-full text-token-text-primary\" data-testid=\"conversation-turn-8\">\n<div class=\"px-4 py-2 justify-center text-base md:gap-6 m-auto\">\n<div class=\"flex flex-1 text-base mx-auto gap-3 md:px-5 lg:px-1 xl:px-5 md:max-w-3xl lg:max-w-[40rem] xl:max-w-[48rem] group\">\n<div class=\"relative flex w-full flex-col agent-turn\">\n<div class=\"flex-col gap-1 md:gap-3\">\n<div class=\"flex flex-grow flex-col max-w-full\">\n<div class=\"min-h-[20px] text-message flex flex-col items-start gap-3 whitespace-pre-wrap break-words [.text-message+&amp;]:mt-5 overflow-x-auto\" data-message-author-role=\"assistant\" data-message-id=\"5466a5b2-c51f-4255-b73c-d1a2eebefa14\">\n<div class=\"markdown prose w-full break-words dark:prose-invert light\">\n<ol>\n<li>Puissance nominale exceptionnellement \u00e9lev\u00e9e et efficacit\u00e9 moyenne.<\/li>\n<li>Surface anti-reflets et anti-salissures r\u00e9duisant les pertes de puissance dues \u00e0 la salet\u00e9 et aux contaminants.<\/li>\n<li>Performances excellentes, m\u00eame en cas de faible intensit\u00e9 lumineuse.<\/li>\n<li>R\u00e9sistance exceptionnelle aux charges de vent et de neige \u00e9lev\u00e9es.<\/li>\n<\/ol>\n<\/div>\n<\/div>\n<\/div>\n<div class=\"mt-1 flex justify-start gap-3 empty:hidden\">\n<div class=\"text-gray-400 flex self-end lg:self-center justify-center lg:justify-start mt-0 -ml-1 h-7 visible\">\n<p>&nbsp;<\/p>\n<div class=\"flex\"><\/div>\n<\/div>\n<\/div>\n<div class=\"pr-2 lg:pr-0\"><\/div>\n<\/div>\n<\/div>\n<\/div>\n<\/div>\n<\/div>\n<div class=\"w-full text-token-text-primary\" data-testid=\"conversation-turn-9\">\n<div class=\"px-4 py-2 justify-center text-base md:gap-6 m-auto\">\n<div class=\"flex flex-1 text-base mx-auto gap-3 md:px-5 lg:px-1 xl:px-5 md:max-w-3xl lg:max-w-[40rem] xl:max-w-[48rem] group\">\n<div class=\"flex-shrink-0 flex flex-col relative items-end\">\n<div>\n<div class=\"pt-0.5\">\n<div class=\"gizmo-shadow-stroke flex h-6 w-6 items-center justify-center overflow-hidden rounded-full\"><\/div>\n<\/div>\n<\/div>\n<\/div>\n<\/div>\n<\/div>\n<\/div>\n","protected":false},"featured_media":24,"comment_status":"open","ping_status":"closed","template":"","meta":[],"product_cat":[17],"product_tag":[],"jetpack_sharing_enabled":true,"_links":{"self":[{"href":"https:\/\/shop.ometrix.fr\/index.php\/wp-json\/wp\/v2\/product\/15"}],"collection":[{"href":"https:\/\/shop.ometrix.fr\/index.php\/wp-json\/wp\/v2\/product"}],"about":[{"href":"https:\/\/shop.ometrix.fr\/index.php\/wp-json\/wp\/v2\/types\/product"}],"replies":[{"embeddable":true,"href":"https:\/\/shop.ometrix.fr\/index.php\/wp-json\/wp\/v2\/comments?post=15"}],"wp:featuredmedia":[{"embeddable":true,"href":"https:\/\/shop.ometrix.fr\/index.php\/wp-json\/wp\/v2\/media\/24"}],"wp:attachment":[{"href":"https:\/\/shop.ometrix.fr\/index.php\/wp-json\/wp\/v2\/media?parent=15"}],"wp:term":[{"taxonomy":"product_cat","embeddable":true,"href":"https:\/\/shop.ometrix.fr\/index.php\/wp-json\/wp\/v2\/product_cat?post=15"},{"taxonomy":"product_tag","embeddable":true,"href":"https:\/\/shop.ometrix.fr\/index.php\/wp-json\/wp\/v2\/product_tag?post=15"}],"curies":[{"name":"wp","href":"https:\/\/api.w.org\/{rel}","templated":true}]}}